k + 44. Suppose -42 = -u - 6*a + 2*a, 4*u - a = 83. Calculate the highest common factor of u and k.
22
Suppose -3*k + 399 = 4*r, -2*r + 180 = -5*k + 13. Calculate the highest common factor of 48 and r.
48
Suppose 40 = -2*n + 4. Let h be 1/(17/n + 1). Calculate the greatest common factor of 126 and h.
18
Suppose s = -4*s - 2*a + 900, -2*s + 5*a + 360 = 0. Calculate the highest common divisor of 120 and s.
60
Suppose 0 = 5*f + 3*d - 25, 0*d + 4*d = 4*f + 12. What is the highest common factor of f and 34?
2
Suppose -2 + 8 = 3*s. Let m be 94 + (-12)/6*(-1)/s. What is the greatest common divisor of 5 and m?
5
Suppose -2*f + 8*f - 180 = 0. Suppose -5*w - f = -70. Calculate the greatest common divisor of 1 and w.
1
Suppose -8*n + 2*l - 11 = -9*n, 4*l + 43 = 3*n. Suppose -w - 26 = -2*w. Let y be w/1*(5 - 4). What is the greatest common divisor of y and n?
13
Suppose 9 = 2*z - 5. Let j = -14 + 14. Suppose v + 2*v - 231 = j. What is the highest common divisor of v and z?
7
Let q = -78 - -80. Suppose -2*v + 160 = 5*y, 0 = -q*y - 6*v + v + 85. Suppose 5*d - 78 - 22 = 0. What is the greatest common factor of y and d?
10
Let s be 1192/18 - (-2)/(-9). Let d be (-4 + -7)/(3/(-27)). What is the greatest common factor of d and s?
33
Let m(f) = 16*f**2 - 1. Let u be m(1). Let s = 34 - u. Let w be 4 + ((-11382)/(-77) - 6/(-33)). What is the greatest common factor of s and w?
19
Let a = -267 - -342. Calculate the greatest common divisor of 15 and a.
15
Suppose -x - 8 = -3*x, 5*x - 32 = 4*y. Let d be 7*(1 - (-2 + y)). What is the greatest common divisor of 336 and d?
42
Let r = 120 - 75. Let g(j) = -j**3 + 19*j**2 - 16*j - 21. Let s be g(18). Calculate the highest common divisor of s and r.
15
Let q(z) = 35*z + 64. Let k be q(4). Calculate the greatest common factor of k and 36.
12
Let c be ((-5)/(-3))/((-4)/(-24)). Calculate the greatest common divisor of 215 and c.
5
Suppose 2*v - j = 7, -j + 4 = v - 4. Suppose -47 = -v*t - 2. Let a = -66 - -111. What is the highest common divisor of a and t?
9
Suppose -6*o + 2*o = -32. Suppose 0 = -4*g + 3*g + 2. Suppose 0 = 3*h + 2*d - 218, 2*d + 112 = g*h - 30. What is the greatest common divisor of h and o?
8
Let z(t) = 3*t**2 - t - 55. Let r be z(5). Let b = 35 - 5. What is the greatest common divisor of b and r?
15
Let l = 15 + -21. Let v be l*((-12)/8)/3. What is the highest common divisor of 33 and v?
3
Let y(x) = -9*x + 62. Let a be y(12). Let m = a + 58. Calculate the greatest common factor of m and 20.
4
Let u be 24 + -1 + (-3 - -16) + -10. What is the greatest common factor of 182 and u?
26
Let z(y) = 43*y + 345. Let v be z(33). Calculate the highest common divisor of 12 and v.
12
Let q = -404 + 644. What is the highest common factor of q and 200?
40
Suppose 141 = 2*i - s, -6*i = -3*i - 3*s - 207. Suppose 0 = -2*b - 4*q + 56, 2*b - 4*q - i = -0*q. Calculate the highest common factor of 96 and b.
32
Let r = -775 + 777. Calculate the highest common divisor of r and 33.
1
Suppose 379*g - 370*g - 981 = 0. Calculate the highest common divisor of g and 2071.
109
Suppose -3*o = -4*x + 1424, 3*x + 78 = -3*o - 1311. Let p be 9/12 - o/16. Calculate the greatest common divisor of 330 and p.
30
Suppose -4*h + 38 = 10. Suppose -4*m + 372 = -5*f, 4*m - 3*f - 408 = -h*f. Suppose 11 + 3 = j. Calculate the highest common factor of j and m.
14
Suppose 2 = -2*w, -25*n + 21*n + 21 = -5*w. Calculate the highest common divisor of n and 22.
2
Let v = 93 - 60. Let z be 20/11 + 6/v. Suppose -2*t - 22 = -4*r, z*r - r + t - 1 = 0. Calculate the greatest common factor of 32 and r.
4
Suppose 472 = 3*u + 33*k - 35*k, 2*k = -4*u + 648. What is the greatest common factor of 5 and u?
5
Suppose -5*r - 11 = 9, 4*v - 2*r = 368. Suppose 93 = 4*x - 2*a + 35, 3*a + 72 = 5*x. Calculate the greatest common divisor of x and v.
15
Let d be (3 - 60/16)*-52. Let q = -25 + d. What is the greatest common divisor of q and 84?
14
Suppose 3*q + 3*k - 45 = 0, -15*q + 10*q + 4*k = -102. Calculate the highest common divisor of 1098 and q.
18
Let n = 427 + -410. What is the highest common factor of n and 68?
17
Suppose -3*c - 993 = -y, 2*y + 0*y = 4*c + 1986. What is the highest common factor of 3 and y?
3
Let a = 54 - -30. Let l = 28 + a. What is the greatest common divisor of l and 28?
28
Let d be 2 - (-2 - (-104)/(-4)). Let v(o) = -3*o**3 - 7*o**2 - 4*o - 10. Let x be v(-5). What is the greatest common factor of d and x?
30
Let i be -7*(2/1 + -13). Let k = -161 + 168. What is the highest common divisor of i and k?
7
Let h be (-4)/10 + 261/15. Let v = -19 + 18. Let k be 0 + v + -10 + 45. Calculate the greatest common divisor of h and k.
17
Suppose 174 = 4*y + 7*h - 5*h, 0 = 4*y - h - 165. What is the highest common factor of 336 and y?
42
Let d(w) = -w**3 + 7*w**2 + 2*w. Let u be d(7). Let a be -1*(0/u + (-152 - 0)). Calculate the greatest common factor of 19 and a.
19
Let n(m) = -5*m - 48. Let f = 128 - 142. Let v be n(f). Calculate the greatest common divisor of 66 and v.
22
Let y(z) = -z**3 + 21*z**2 - 101*z + 4. Let i be y(12). What is the greatest common divisor of 55 and i?
11
Suppose -8 = 2*m + 10. Let v be (m - -5)*-13*1. Suppose -5*d - 5*t + 20 = 0, -4*d + t + v = -4*t. Calculate the greatest common factor of 72 and d.
8
Let n be (-2 - 16/(-7)) + 4964/119. What is the greatest common factor of n and 120?
6
Suppose 3*r = 8*r - 3*p - 779, -607 = -4*r - 3*p. Calculate the greatest common factor of 44 and r.
22
Let x = -4 + 5. Let k(v) = -2*v**3 + 26*v**2 - 24*v + 4. Let l be k(12). What is the highest common factor of x and l?
1
Let i be (256/192)/(8/450). What is the greatest common factor of i and 165?
15
Let t(n) = 2*n**2 - 3*n - 7. Let k be t(-4). Let y = 40 - k. Let c be -135*(11/y + -4). What is the highest common divisor of 18 and c?
9
Suppose -2*o = -6 - 50. Suppose 0 - o = -7*q. Calculate the highest common factor of 1 and q.
1
Let z = 2090 - 2088. What is the highest common factor of z and 62?
2
Let d(i) = i**2 - 20*i + 20. Let s be d(19). Let o be (-1881)/(-76) + s*6/(-8). What is the highest common divisor of 6 and o?
6
Let l(s) = -s**3 + 12*s**2 + 36*s - 9. Let n be l(-3). What is the greatest common divisor of 1359 and n?
9
Let b = -12 + 15. Suppose -g - 4*g - 3*k = -b, -4*k = g + 13. Suppose 0 = g*v - 4*v + 1. What is the greatest common divisor of v and 5?
1
Let c(z) = -z**3 - 3*z**2 + 10*z + 12. Let v be c(-6). Suppose q + v = 3*q. What is the greatest common factor of q and 45?
15
Let u(x) = -9*x - 2. Let n be u(-2). What is the highest common factor of 184 and n?
8
Let p be ((-2)/(-4))/(3/78). Suppose -4*a = 59 + p. Let v = a + 33. What is the greatest common divisor of v and 3?
3
Suppose h = -4*h + 15. Let p = h + -8. Let f = p + 16. What is the greatest common factor of 99 and f?
11
Let p = -78 + -122. Let r be (27/6)/(1/p*-5). What is the greatest common factor of r and 12?
12
Let c = -1113 - -1973. Let s = -548 + c. What is the highest common factor of 39 and s?
39
Let s = 18 - 15. Suppose h - m - 100 = -h, s*m = -2*h + 92. What is the highest common factor of h and 7?
7
Let r = -144 - -151. Let z be (-6 - -30)/(4/22). Suppose -3*f + 2*k + k = -z, -f = 2*k - 38. Calculate the greatest common divisor of r and f.
7
Let g(m) = 21*m - 36. Let w be g(6). Suppose -v - 2*b + w = -5*b, -2*v + 3*b + 180 = 0. Calculate the highest common divisor of v and 18.
18
Let n be (702/(13/1))/(9/696). Calculate the highest common divisor of 144 and n.
144
Suppose 0 = 15*z - 7501 - 11099. Calculate the highest common divisor of z and 40.
40
Suppose -u + 238 = v, -4*u = -4*v - 542 - 450. Calculate the greatest common divisor of 9 and u.
9
Let y be (27/(-72))/(2/(-16)). What is the greatest common divisor of y and 75?
3
Let c be -23*-1*(-3)/(-3). Let w = c - 7. What is the greatest common divisor of 4 and w?
4
Let t be (27 - -1)/(-4 - -6). Suppose 0*l + t = w + l, -2*w + 2*l + 20 = 0. Calculate the greatest common divisor of w and 12.
12
Let h(v) = v**2 - 17*v - 273. Let n be h(28). Calculate the greatest common divisor of n and 42.
7
Suppose -6 = 5*y + 44. Let g be (-13210)/50 + (-2)/y. Let c be g/(-20) + 2/(-10). What is the highest common divisor of c and 91?
13
Let y(x) = 89*x - 408. Let v be y(6). Let w be (-426)/(-24) + (-1)/(-4). What is the highest c